{"id":491,"date":"2024-07-29T15:01:37","date_gmt":"2024-07-29T12:01:37","guid":{"rendered":"https:\/\/bilgiyorumlar.com\/esyalar\/?post_type=product&#038;p=491"},"modified":"2024-07-29T15:01:37","modified_gmt":"2024-07-29T12:01:37","slug":"cikma-kamyon-is-makinasi-ve-traktor-koltuklari-1000-tl","status":"publish","type":"product","link":"https:\/\/bilgiyorumlar.com\/esyalar\/urun\/cikma-kamyon-is-makinasi-ve-traktor-koltuklari-1000-tl\/","title":{"rendered":"\u00c7\u0131kma kamyon i\u015f makinas\u0131 ve trakt\u00f6r koltuklar\u0131 1000 TL"},"content":{"rendered":"<p><img loading=\"lazy\" decoding=\"async\" class=\"aligncenter size-full wp-image-492\" src=\"https:\/\/bilgiyorumlar.com\/esyalar\/wp-content\/uploads\/2024\/07\/Cikma-kamyon-is-makinasi-ve-traktor-koltuklari-3.png\" alt=\"\" width=\"827\" height=\"629\" title=\"\" srcset=\"https:\/\/bilgiyorumlar.com\/esyalar\/wp-content\/uploads\/2024\/07\/Cikma-kamyon-is-makinasi-ve-traktor-koltuklari-3.png 827w, https:\/\/bilgiyorumlar.com\/esyalar\/wp-content\/uploads\/2024\/07\/Cikma-kamyon-is-makinasi-ve-traktor-koltuklari-3-300x228.png 300w, https:\/\/bilgiyorumlar.com\/esyalar\/wp-content\/uploads\/2024\/07\/Cikma-kamyon-is-makinasi-ve-traktor-koltuklari-3-768x584.png 768w, https:\/\/bilgiyorumlar.com\/esyalar\/wp-content\/uploads\/2024\/07\/Cikma-kamyon-is-makinasi-ve-traktor-koltuklari-3-600x456.png 600w\" sizes=\"auto, (max-width: 827px) 100vw, 827px\" \/> <img loading=\"lazy\" decoding=\"async\" class=\"aligncenter size-full wp-image-493\" src=\"https:\/\/bilgiyorumlar.com\/esyalar\/wp-content\/uploads\/2024\/07\/Cikma-kamyon-is-makinasi-ve-traktor-koltuklari-1.png\" alt=\"\" width=\"896\" height=\"627\" title=\"\" srcset=\"https:\/\/bilgiyorumlar.com\/esyalar\/wp-content\/uploads\/2024\/07\/Cikma-kamyon-is-makinasi-ve-traktor-koltuklari-1.png 896w, https:\/\/bilgiyorumlar.com\/esyalar\/wp-content\/uploads\/2024\/07\/Cikma-kamyon-is-makinasi-ve-traktor-koltuklari-1-300x210.png 300w, https:\/\/bilgiyorumlar.com\/esyalar\/wp-content\/uploads\/2024\/07\/Cikma-kamyon-is-makinasi-ve-traktor-koltuklari-1-768x537.png 768w, https:\/\/bilgiyorumlar.com\/esyalar\/wp-content\/uploads\/2024\/07\/Cikma-kamyon-is-makinasi-ve-traktor-koltuklari-1-600x420.png 600w\" sizes=\"auto, (max-width: 896px) 100vw, 896px\" \/> <img loading=\"lazy\" decoding=\"async\" class=\"aligncenter size-full wp-image-494\" src=\"https:\/\/bilgiyorumlar.com\/esyalar\/wp-content\/uploads\/2024\/07\/Cikma-kamyon-is-makinasi-ve-traktor-koltuklari-2.png\" alt=\"\" width=\"896\" height=\"635\" title=\"\" srcset=\"https:\/\/bilgiyorumlar.com\/esyalar\/wp-content\/uploads\/2024\/07\/Cikma-kamyon-is-makinasi-ve-traktor-koltuklari-2.png 896w, https:\/\/bilgiyorumlar.com\/esyalar\/wp-content\/uploads\/2024\/07\/Cikma-kamyon-is-makinasi-ve-traktor-koltuklari-2-300x213.png 300w, https:\/\/bilgiyorumlar.com\/esyalar\/wp-content\/uploads\/2024\/07\/Cikma-kamyon-is-makinasi-ve-traktor-koltuklari-2-768x544.png 768w, https:\/\/bilgiyorumlar.com\/esyalar\/wp-content\/uploads\/2024\/07\/Cikma-kamyon-is-makinasi-ve-traktor-koltuklari-2-600x425.png 600w\" sizes=\"auto, (max-width: 896px) 100vw, 896px\" \/><\/p>\n","protected":false},"excerpt":{"rendered":"<p>yayl\u0131 amats\u00f6rl\u00fc kamyon \u015fof\u00f6r koltu\u011fu ( emniyet kemerli) Oto Koltuk \u0130malat D\u00f6\u015feme &#8211; \u0130\u015f Makineleri, Trakt\u00f6r, Forklift vb. Minib\u00fcs, Kamyon ve Otob\u00fcslerin grammer haval\u0131 kamyon \u015fof\u00f6r koltu\u011fu \u00d6zel fabrika y\u00fcksek kalite trakt\u00f6r s\u00fcr\u00fcc\u00fc koltu\u011fu hava s\u00fcspansiyon makinesi koltuk kamyon ford cargo bmc pro uyumlu<\/p>\n","protected":false},"featured_media":492,"template":"","meta":[],"product_brand":[],"product_cat":[31],"product_tag":[],"class_list":{"0":"post-491","1":"product","2":"type-product","3":"status-publish","4":"has-post-thumbnail","6":"product_cat-ikinci-el-is-makineleri","8":"first","9":"instock","10":"sale","11":"shipping-taxable","12":"purchasable","13":"product-type-simple"},"_links":{"self":[{"href":"https:\/\/bilgiyorumlar.com\/esyalar\/wp-json\/wp\/v2\/product\/491","targetHints":{"allow":["GET"]}}],"collection":[{"href":"https:\/\/bilgiyorumlar.com\/esyalar\/wp-json\/wp\/v2\/product"}],"about":[{"href":"https:\/\/bilgiyorumlar.com\/esyalar\/wp-json\/wp\/v2\/types\/product"}],"wp:featuredmedia":[{"embeddable":true,"href":"https:\/\/bilgiyorumlar.com\/esyalar\/wp-json\/wp\/v2\/media\/492"}],"wp:attachment":[{"href":"https:\/\/bilgiyorumlar.com\/esyalar\/wp-json\/wp\/v2\/media?parent=491"}],"wp:term":[{"taxonomy":"product_brand","embeddable":true,"href":"https:\/\/bilgiyorumlar.com\/esyalar\/wp-json\/wp\/v2\/product_brand?post=491"},{"taxonomy":"product_cat","embeddable":true,"href":"https:\/\/bilgiyorumlar.com\/esyalar\/wp-json\/wp\/v2\/product_cat?post=491"},{"taxonomy":"product_tag","embeddable":true,"href":"https:\/\/bilgiyorumlar.com\/esyalar\/wp-json\/wp\/v2\/product_tag?post=491"}],"curies":[{"name":"wp","href":"https:\/\/api.w.org\/{rel}","templated":true}]}}