{"id":431,"date":"2024-06-05T14:51:31","date_gmt":"2024-06-05T11:51:31","guid":{"rendered":"https:\/\/bilgiyorumlar.com\/esyalar\/?post_type=product&#038;p=431"},"modified":"2024-06-05T14:51:31","modified_gmt":"2024-06-05T11:51:31","slug":"ikinci-el-beko-nofrost-buzdolabi-2-el-fiyatlari-cift-kapili-buzdolabi","status":"publish","type":"product","link":"https:\/\/bilgiyorumlar.com\/esyalar\/urun\/ikinci-el-beko-nofrost-buzdolabi-2-el-fiyatlari-cift-kapili-buzdolabi\/","title":{"rendered":"ikinci el beko nofrost buzdolab\u0131 2.el fiyatlar\u0131 \u00c7ift Kap\u0131l\u0131 Buzdolab\u0131"},"content":{"rendered":"<div id=\"attachment_432\" style=\"width: 779px\" class=\"wp-caption aligncenter\"><img loading=\"lazy\" decoding=\"async\" aria-describedby=\"caption-attachment-432\" class=\"wp-image-432 size-full\" title=\"ikinci el beko nofrost buzdolab\u0131\" src=\"https:\/\/bilgiyorumlar.com\/esyalar\/wp-content\/uploads\/2024\/06\/ikinci-el-beko-nofrost-buzdolabi-2.png\" alt=\"\" width=\"769\" height=\"628\" srcset=\"https:\/\/bilgiyorumlar.com\/esyalar\/wp-content\/uploads\/2024\/06\/ikinci-el-beko-nofrost-buzdolabi-2.png 769w, https:\/\/bilgiyorumlar.com\/esyalar\/wp-content\/uploads\/2024\/06\/ikinci-el-beko-nofrost-buzdolabi-2-300x245.png 300w, https:\/\/bilgiyorumlar.com\/esyalar\/wp-content\/uploads\/2024\/06\/ikinci-el-beko-nofrost-buzdolabi-2-600x490.png 600w\" sizes=\"auto, (max-width: 769px) 100vw, 769px\" \/><p id=\"caption-attachment-432\" class=\"wp-caption-text\">ikinci el beko nofrost buzdolab\u0131<\/p><\/div>\n<p><img loading=\"lazy\" decoding=\"async\" class=\"aligncenter size-full wp-image-433\" src=\"https:\/\/bilgiyorumlar.com\/esyalar\/wp-content\/uploads\/2024\/06\/ikinci-el-beko-nofrost-buzdolabi-1.png\" alt=\"\" width=\"774\" height=\"626\" title=\"\" srcset=\"https:\/\/bilgiyorumlar.com\/esyalar\/wp-content\/uploads\/2024\/06\/ikinci-el-beko-nofrost-buzdolabi-1.png 774w, https:\/\/bilgiyorumlar.com\/esyalar\/wp-content\/uploads\/2024\/06\/ikinci-el-beko-nofrost-buzdolabi-1-300x243.png 300w, https:\/\/bilgiyorumlar.com\/esyalar\/wp-content\/uploads\/2024\/06\/ikinci-el-beko-nofrost-buzdolabi-1-768x621.png 768w, https:\/\/bilgiyorumlar.com\/esyalar\/wp-content\/uploads\/2024\/06\/ikinci-el-beko-nofrost-buzdolabi-1-600x485.png 600w\" sizes=\"auto, (max-width: 774px) 100vw, 774px\" \/><\/p>\n","protected":false},"excerpt":{"rendered":"<p>mini buzdolab\u0131 2.el Sat\u0131l\u0131k Sahibinden \u0130kinciel. Beko Nofrost Buzdolab\u0131 6 Ay Garantili \u00b7 Beko No Frost Buz<br \/>\nletgo&#8217;da ikinci el buzdolab\u0131 2 el buzdolab\u0131 Fiyatlar\u0131 <strong>Buzdolabi motoru degi\u015fim<\/strong> ve sat\u0131\u015f Ekovat buzdolabi kompres\u00f6r\u00fc s\u0131f\u0131r saglamd\u0131r altus beko mini buzdolab\u0131 2.el fiyatlar\u0131 \u00c7ift Kap\u0131l\u0131 Buzdolab\u0131 Beko No Frost Buzdolab\u0131 eski Modelleri b\u00fcro tipi buzdolab\u0131 2. el letgo 2.el mini buzdolab\u0131 sahibinden mini buzdolab\u0131 &#8211; a101, bim, \u015fok<\/p>\n","protected":false},"featured_media":433,"template":"","meta":[],"product_brand":[],"product_cat":[30],"product_tag":[37],"class_list":{"0":"post-431","1":"product","2":"type-product","3":"status-publish","4":"has-post-thumbnail","6":"product_cat-ikinci-el-beyaz-esya","7":"product_tag-ikinci-el-buzdolabi","9":"first","10":"instock","11":"sale","12":"shipping-taxable","13":"purchasable","14":"product-type-simple"},"_links":{"self":[{"href":"https:\/\/bilgiyorumlar.com\/esyalar\/wp-json\/wp\/v2\/product\/431","targetHints":{"allow":["GET"]}}],"collection":[{"href":"https:\/\/bilgiyorumlar.com\/esyalar\/wp-json\/wp\/v2\/product"}],"about":[{"href":"https:\/\/bilgiyorumlar.com\/esyalar\/wp-json\/wp\/v2\/types\/product"}],"wp:featuredmedia":[{"embeddable":true,"href":"https:\/\/bilgiyorumlar.com\/esyalar\/wp-json\/wp\/v2\/media\/433"}],"wp:attachment":[{"href":"https:\/\/bilgiyorumlar.com\/esyalar\/wp-json\/wp\/v2\/media?parent=431"}],"wp:term":[{"taxonomy":"product_brand","embeddable":true,"href":"https:\/\/bilgiyorumlar.com\/esyalar\/wp-json\/wp\/v2\/product_brand?post=431"},{"taxonomy":"product_cat","embeddable":true,"href":"https:\/\/bilgiyorumlar.com\/esyalar\/wp-json\/wp\/v2\/product_cat?post=431"},{"taxonomy":"product_tag","embeddable":true,"href":"https:\/\/bilgiyorumlar.com\/esyalar\/wp-json\/wp\/v2\/product_tag?post=431"}],"curies":[{"name":"wp","href":"https:\/\/api.w.org\/{rel}","templated":true}]}}